 -24*k + 932. Calculate the remainder when k is divided by y.
15
Suppose 148 = 2*g + 2*g. Suppose -66 = -8*v + 1398. Suppose 0 = -m - 4*m - 2*z + 915, -3*z - v = -m. Calculate the remainder when m is divided by g.
35
Let d = -325 + 368. Let f(i) = -i**3 - 10*i**2 - 8*i - 8. Let j be f(-10). Suppose -9*k = -12*k + j. Calculate the remainder when d is divided by k.
19
Suppose 0 = 3*f - 11*f + 176. Suppose 3*x - 58 + f = 0. Calculate the remainder when 49 - 4/(4 - 3) is divided by x.
9
Let l(m) = 4*m**2 - 2*m. Let v be l(1). Suppose -4*n + 66 = 3*i - 70, -68 = -v*n + 2*i. What is the remainder when 63 is divided by 0 + ((-3)/2)/((-3)/n)?
12
Let d = -2 - -7. Suppose d*c - 244 = 131. Let l = 28 + -2. What is the remainder when c is divided by l?
23
Let z = -97 - -17. Calculate the remainder when 82 is divided by (-40)/z + (-110)/(-4).
26
Let f(s) = 581*s - 328. Calculate the remainder when f(7) is divided by 156.
151
Suppose -4*x = 407 - 419, 0 = -w - 2*x + 9. Suppose -2*g + 5*n + 14 = 0, 2*n - n + 8 = 3*g. What is the remainder when w is divided by g?
1
Let q be (2 + 1 + -7)/((-3)/48). What is the remainder when ((-48)/q)/((-3)/204) is divided by 50?
1
Let j = -275 + 418. Suppose j = 20*i + 23. Let m = 231 + -144. What is the remainder when m is divided by i?
3
Let f be (-1 - 0)*(9 + -9). What is the remainder when 269 is divided by f - ((-17 - (-3 - -4)) + 0)?
17
Suppose -4*x + 5*t = -706, -51*t + 49*t = 4. Calculate the remainder when x is divided by 47.
33
Suppose 6*r = -0*r + 6. Let c(f) = 10*f**2 + f - 1. Let w be c(r). Suppose 8 + w = k. Calculate the remainder when 69 is divided by k.
15
Suppose -20*u + 0*u + 200 = 0. What is the remainder when 46/3*(-51)/(-34) is divided by u?
3
Suppose 3*l + 10 = s, -s + 2 + 32 = 5*l. Suppose -256*q = -255*q - 55. Calculate the remainder when q is divided by s.
17
Let q(u) = -40*u + 36. Let p be 480/180*18/(-8). What is the remainder when q(p) is divided by 87?
15
Let j(r) = 2*r**2 - 10*r + 43. Let q be j(14). Let o = 317 - q. Calculate the remainder when 307 is divided by o.
21
Let i(t) = -17*t**3 - 2*t**2 + t + 2. Let f(u) = 48*u - 3. Calculate the remainder when f(2) is divided by i(-1).
13
Suppose 0*u = -5*u - 3*t + 30, 0 = -2*t. Let k be (-1*6)/(130/(-33) + 4). What is the remainder when (-18)/k + 885/33 is divided by u?
3
Suppose 5*z = 3*m + 6265, 0 = 5*z + 18*m - 20*m - 6260. Calculate the remainder when z is divided by 201.
44
Suppose -173 = 3*p + 64. Let o = p + 82. What is the remainder when 19 is divided by o?
1
Suppose -173*c - 133*c + 109089 = -27*c. Let u = -72 + 121. What is the remainder when c is divided by u?
48
Suppose 29 = -k + 5*b, 4*k = -0*b - 2*b - 72. Let o = 18 + k. What is the remainder when (o - -22)/1 - 0 is divided by 11?
10
Suppose -5*w + 452 = 5*u + 2, -4*w = -u - 340. Let q = 324 - w. Calculate the remainder when q is divided by 49.
42
Let o(v) be the second derivative of v**4/12 - 8*v**3/3 + 59*v**2/2 - 13*v. What is the remainder when 58 is divided by o(14)?
27
Let f = 118 + 28. Let a = 94437 + -94372. Calculate the remainder when f is divided by a.
16
Let o(q) = q - 2. Let a = 160 - 156. Suppose a*x - 2*n = 78, x = -n + 3 + 9. Calculate the remainder when x is divided by o(7).
2
Suppose -3*o + 441 + 252 = 0. Suppose -2*k + 5*k = o. Suppose -52 + 259 = 9*h. Calculate the remainder when k is divided by h.
8
Suppose -25*m = 7*m + 10080. Let s = 335 + m. Suppose -4*r + 173 = 5*t, 3*t - 45 = -r + 7. What is the remainder when r is divided by s?
17
Suppose 7995 = 71*s - 5912 + 1766. Calculate the remainder when s is divided by 69.
33
Let q(k) = 3*k + 435. What is the remainder when q(37) is divided by 169?
39
Let g(t) = -t**3 + 5*t**2 - 2*t + 2. Let s be g(6). Let p = 98 + s. Let l = -3917 + 3944. What is the remainder when p is divided by l?
25
Let l = -96 + 92. What is the remainder when 2838/18 + ((-80)/15)/l is divided by 16?
15
Suppose -25 = -t + 67. Let p = -165 - -248. Let u = t - p. Calculate the remainder when 88 is divided by u.
7
Let k = -92 + 36. Let f = 524 + -629. Let s = k - f. Calculate the remainder when s is divided by 17.
15
Let g = 175 + -123. Let i = 77711 + -77700. Calculate the remainder when g is divided by i.
8
Let u(t) = 120*t + 741. Let f = 141 + -66. Calculate the remainder when f is divided by u(-6).
12
Suppose -u + 1 = -5*f, -2*f + 37 = 3*u - 0*u. Let x = -29 - -31. Suppose -11 = -3*n + w + 48, 2*w = x*n - 38. Calculate the remainder when n is divided by u.
9
Let y = -157 + 219. Suppose q + 2*q = -4*r + y, -5*r = 20. Calculate the remainder when 49 is divided by q.
23
Suppose 64*c + 9349 - 50629 = 0. Suppose -21*j = -6*j - c. Let d = 6 - -6. Calculate the remainder when j is divided by d.
7
Calculate the remainder when 35070 is divided by 47921/346 + (-3)/2.
135
Suppose -22*q - 215 + 553 + 1224 = 0. Calculate the remainder when 536 is divided by q.
39
Let w(x) = 8*x**2 + 5*x + 2. Let n be w(-1). Let h be 0/(-2) + n + 3 + -5. Suppose -h*p - 10 + 46 = 0. Calculate the remainder when 40 is divided by p.
4
Calculate the remainder when ((-7617900)/(-40))/67 + (-2)/(-4) is divided by 218.
9
Let c = -1 + 14. What is the remainder when (-15 - (-1008)/60)/(3 + (-117)/40) is divided by c?
11
Let y(q) = 22*q + 5138. What is the remainder when y(-93) is divided by 35?
12
Let j(h) = -h**2 + 37*h - 58. Let c be 7 + (-3 - 1) + 30. Suppose 0 = -3*p - y + 120, 2*p + 20 = -5*y + 113. Calculate the remainder when j(c) is divided by p.
35
Calculate the remainder when 2643 is divided by 253 - (-336)/(-15 - 9).
14
Let c(k) be the first derivative of -k**4/4 + 7*k**3/3 + 21*k**2/2 - 46*k - 71. What is the remainder when 108 is divided by c(8)?
50
Let d(a) = -430*a - 2143. Suppose -6 - 14 = -4*q. What is the remainder when d(-5) is divided by q?
2
Suppose 0 = -11*q + 1835 + 1322. Calculate the remainder when q is divided by 158.
129
Suppose 121*l - 14 = 120*l. What is the remainder when 682 is divided by l?
10
Suppose -2*p - n - 342 = 0, 0 = -3*n + 2*n - 2. Let r = 193 + p. What is the remainder when r is divided by 2?
1
Suppose 5*x = 2*p + 228, 5*x + 2*p = 24 + 228. What is the remainder when 55 is divided by x?
7
Suppose -66*r + 1744 = 490. What is the remainder when r is divided by 6/9*-6 - -6?
1
Suppose 5*u - 108 = u. Let z(b) = 1277*b + 56202. Calculate the remainder when u is divided by z(-44).
13
Suppose 16*f - 1598 = 12*f + 5*k, -13*k + 1299 = 3*f. What is the remainder when f is divided by 133?
8
Let h(v) = -v**3 + 12*v**2 - 12*v + 13. Let t be h(11). Suppose -p - t*p = -12. Suppose -2*n - 4 = -p*n. What is the remainder when 9 is divided by n?
1
Let n(x) = 38*x + 12. Let z = 229 - 225. Calculate the remainder when n(z) is divided by 15.
14
Suppose 5*d = 5*p - 300, -2*p - 3*d = -4*p + 122. What is the remainder when 2609 is divided by p?
57
Let b(h) = -55*h + 1958. What is the remainder when 411 is divided by b(32)?
15
Suppose -k = w - 14 + 11, -4*w + 12 = 3*k. Suppose 0 = -4*r + 133 + w. Calculate the remainder when 219 is divided by r.
15
Let i be 6/5*(-40)/(-3). Calculate the remainder when (-40)/i*(-332)/10 is divided by ((-76)/342)/((-13)/9) + (-852)/(-39).
17
Let m = 8717 - 8706. What is the remainder when 2131 is divided by m?
8
Suppose -2*a = 5*u - 3*a - 326, -2*a = 2*u - 140. Calculate the remainder when 34 is divided by -38*(5 + u/(-12)).
15
Let g be (-1 - 1)*(-4)/4. Suppose -2*h = -0*h - 2*w - 12, 4*h - g*w - 22 = 0. Calculate the remainder when h is divided by ((-1)/3)/(88/18 + -5).
2
Let g = -328 - -426. Calculate the remainder when 397 is divided by g.
5
Let p = -123 - -119. Calculate the remainder when ((-78)/p)/((-15)/(-30)) is divided by (3/6)/((-5)/(-70)).
4
Let k(g) = 310*g**2 - 1. Suppose 6 = 128*h - 122*h. Calculate the remainder when k(h) is divided by 63.
57
Let w(n) = 3*n**2 + 3*n. Let m(c) = c**3 + 3*c**2 - 10*c - 2. Let g be m(-5). Calculate the remainder when 22 is divided by w(g).
4
What is the remainder when 69 is divided by (3/15*0)/(-3) - 230/(-5)?
23
Suppose -3*m = -3*h - 531, 4*m - 2*h = 210 + 502. Let z(a) = 485 + 9*a - 209 - 595. Calculate the remainder when m is divided by z(37).
11
Let n(l) = 58*l**2. Let k(h) = -50*h - 36. Let x = -292 + 289. Calculate the remainder when k(x) is divided by n(-1).
56
Suppose 191 = i - 26